g = c*l - 92. Does 15 divide l?
False
Let w(q) = q + 1. Let t be w(-11). Let s = t - -16. Does 4 divide s?
False
Suppose 0*n - 18 = -n. Suppose -33 = 2*w - 13. Let h = w + n. Does 8 divide h?
True
Suppose 2*d - 45 = d. Suppose a = d - 9. Is a a multiple of 18?
True
Suppose -3 + 18 = 5*y. Suppose 4*n - y*j + 21 = 2*j, -j + 8 = 3*n. Is 3 a factor of -1*1/n + 7?
True
Let d(u) = 1 + 14*u**2 + 0*u + 0 + u. Let j(c) = c**3 - 4*c**2 + c - 5. Let i be j(4). Is 9 a factor of d(i)?
False
Let b(j) = -j**2 + 7*j - 7. Is 2 a factor of b(4)?
False
Let w be (-2 + 0)*(-3)/2. Suppose 0 = 8*j - w*j - 30. Does 5 divide j?
False
Let f be 63 + 0/3 - -3. Suppose 3*p - f = 192. Does 23 divide p?
False
Suppose 4*w - 3*w = 0. Let b = 2 + w. Suppose -b*a + 14 - 4 = 0, 0 = 3*q - 2*a - 17. Is 9 a factor of q?
True
Let o(g) = -g**3 + 10*g**2 + 5*g - 3. Is 6 a factor of o(8)?
False
Let a be (-2)/3*(-1)/(4/6). Let n = 0 - 2. Is (-116)/(-8) - a/n a multiple of 6?
False
Suppose -19 = -5*r + 91. Does 11 divide r?
True
Let l(t) = 8*t - t - 6*t - 4. Let a be l(9). Suppose -f - 2*i + 40 = 0, -a*f + 2*i = -10*f + 168. Does 16 divide f?
True
Let b be 6/(-9) - (-4)/6. Suppose -5 = -k - b*k, -2*h = -3*k - 13. Does 5 divide h?
False
Let t(i) = -i**2 + 28*i - 45. Does 15 divide t(10)?
True
Suppose -3*q - 3 = -27. Is (-22)/q*(4 + -8) a multiple of 4?
False
Does 45 divide ((12/(-3))/(-16))/((-2)/(-904))?
False
Is (-2)/(2*5/(-950)) a multiple of 21?
False
Suppose -3*d = 4*c - 123, 2*c - 5*d - 15 = 14. Does 8 divide c?
False
Let n(t) = 3*t**2 - t - 2. Suppose -r + 0*r = 4*d - 17, -2*d + 5*r - 19 = 0. Is n(d) a multiple of 5?
False
Suppose 0 = -d - 6 + 8. Suppose 0 = 4*n - l - 0*l - 251, 5*n = d*l + 310. Let y = n - 7. Is 19 a factor of y?
True
Suppose 16*p + 306 = 18*p. Is 12 a factor of p?
False
Suppose h - 3*d + 1 = 0, 5*h - 13 = -5*d + 22. Suppose -l + y + 0 = 3, -h*l + y - 31 = 0. Does 12 divide (-4)/14 - 170/l?
True
Suppose -5*t + 10 + 0 = 0. Suppose -z - 34 = -t*z. Is z a multiple of 8?
False
Let o(f) = -f**2 - 5*f + 17. Let b be o(-8). Let t(k) = k + 14. Is 3 a factor of t(b)?
False
Let k be (1/1)/((-1)/(-3)). Suppose 0 = -6*b + 3*b + 120. Suppose 2*t = -y + k, 100 = 5*y - 5*t + b. Does 8 divide y?
False
Let x(o) = 8*o + 4. Is x(3) a multiple of 6?
False
Suppose 13 + 12 = 5*l + 5*x, -4*l - 5*x = -25. Suppose 3*j - 6*j = l. Suppose 0 = -j*u + u - 13. Does 7 divide u?
False
Let a = 10 + -5. Suppose j = -y + 17, 0*y - a*y + j = -85. Is y a multiple of 14?
False
Let u be (-8)/(-4)*5/(-2). Let b(y) = y**2 - y - 5. Is 13 a factor of b(u)?
False
Suppose 33 = a + 2*a. Does 3 divide a?
False
Let a be (-5)/(-10)*12/1. Let w(f) = f**2 - 2*f + 2. Is 11 a factor of w(a)?
False
Suppose 8 = f + 3*f. Let u(s) = 2*s - 15. Let m be u(10). Suppose 0 = m*i + 5*x + 5 + 5, -f*i + 21 = -3*x. Does 3 divide i?
True
Suppose -1 = 6*d - 13. Suppose -4*w - 8 = 0, o + 1 = d*o + 3*w. Is 2 a factor of o?
False
Suppose 4*z - 13*z + 918 = 0. Is 17 a factor of z?
True
Suppose 3*d = -0*d - 4*t + 8, 0 = 3*d - 3*t + 6. Suppose d = -3*g - g + 152. Is g a multiple of 13?
False
Let l be (2 - 1)*-1*-4. Suppose 5*k + 32 = 3*p + 10, 5*k = l*p - 26. Does 2 divide 3*k*5/(-10)?
False
Let u = 3 + 9. Suppose u = -2*z + 4. Does 16 divide (-58)/z*(-1 + 3)?
False
Suppose 2*b - 152 = -4. Is b a multiple of 12?
False
Let k(g) = g**3 + 9*g**2 - 9*g - 7. Does 33 divide k(-8)?
False
Suppose -t = -3*t + 116. Let v = 81 - t. Is 8 a factor of -3*v/3*-1?
False
Suppose -5*x + 38 = i, -2*x + 17 = -i + 2*i. Suppose -2 = m - x. Suppose m*n + 4*t = t + 109, 2*t = n - 14. Is n a multiple of 20?
True
Let w(h) be the third derivative of -h**5/15 + h**4/12 - h**3/3 + h**2. Let t(z) be the first derivative of w(z). Is t(-3) a multiple of 13?
True
Suppose 0*j - 16 = -4*j. Suppose -j*h + 36 = w + 2*w, -3*h = -5*w + 60. Is 9 a factor of w?
False
Let h = 6 - 9. Does 15 divide 30*((-9)/6)/h?
True
Let o(n) = -2*n + 2. Let a = 0 - 5. Is o(a) a multiple of 8?
False
Suppose -216 = -2*h + f - 24, 8 = -2*f. Suppose 0 = -10*n + 8*n + 4. Suppose -54 - 38 = -n*z - 2*l, 0 = 2*z + 3*l - h. Is z a multiple of 22?
True
Suppose -4 = -6*t + 5*t. Does 2 divide t?
True
Is 15 a factor of 3/(-4)*-80*1?
True
Let s be (55/(-15))/((-3)/18). Is 25 a factor of 4/s - 350/(-11)?
False
Suppose 0 = 2*t + k + 3*k + 12, -9 = -4*t + 3*k. Suppose 0*b - b + 27 = t. Is b a multiple of 9?
True
Suppose -8*w + 3*w + 5*k - 15 = 0, -35 = 5*w - k. Is 6 a factor of ((-30)/w)/((-1)/(-4))?
False
Let b = -16 - -28. Is b a multiple of 6?
True
Let a be 6/(-3) + 0/(-2). Let p(d) = 3 - 12*d - 3. Is 14 a factor of p(a)?
False
Let z = 56 - 23. Let b be 4 + (-1)/1 + z. Suppose 2*f + f - b = 0. Does 7 divide f?
False
Let v(u) be the third derivative of -u**5/60 - 7*u**4/24 + 5*u**3/6 - u**2. Does 6 divide v(-6)?
False
Let d = 19 - -61. Suppose c + c - d = 0. Is 13 a factor of c?
False
Let w(r) = -r**3 + 6*r**2 + 4*r - 1. Let y be w(3). Let c = -3 + 5. Suppose 4*p + g = 4*g + y, p + 5*g = -c. Is p a multiple of 3?
False
Let o(r) be the first derivative of -r**2 + 5/4*r**4 + r**3 + r + 1. Is o(2) a multiple of 20?
False
Suppose -5*z = -3*z - 528. Is z a multiple of 44?
True
Suppose o - 2*l - 117 = 0, 0 = -o + l + 3*l + 127. Does 7 divide 8/(-20) - o/(-5)?
True
Let x = -2 - -1. Does 4 divide ((-9)/18)/(x/26)?
False
Suppose -3*a + 8 = -a. Suppose 2*c - l - 12 = 0, -a*c + 17 = c + 4*l. Is 2 a factor of c?
False
Suppose -3*s + a = -77, 4*s = -4*a + 88 - 12. Is s a multiple of 4?
True
Suppose 0*m - 3*k = -2*m + 18, 0 = -5*m + 2*k + 45. Let g be 4/(-18) + 38/m. Suppose 3*a + 3*d = 144, 146 = -g*a + 7*a + 4*d. Does 16 divide a?
False
Does 8 divide 2/(-7) + (-2380)/(-98)?
True
Let z be 1*(3 + -7)*-10. Suppose -106 = -3*n - z. Does 13 divide n?
False
Is (3 + 43)*(-8)/(96/(-18)) a multiple of 4?
False
Suppose d + t = 23, -5*t = -20 + 5. Is 5 a factor of d?
True
Let k(f) = f**3 - 4*f**2 + 6*f + 7. Let g be k(6). Let q = -69 + g. Does 14 divide q?
False
Suppose -2*l - 2*u + 472 = -u, 5*l - 1158 = 3*u. Does 26 divide l?
True
Let p(l) = l**3 - 8*l**2 - 2*l + 4. Is p(9) a multiple of 9?
False
Suppose 3*v - 6*v = -5*j - 75, 2*j + 66 = 3*v. Suppose -2*c + 2 = 4*y, -v = -4*y + 3*c - 3. Suppose 2*r + 0*r = y*s - 52, s - 32 = 3*r. Is s a multiple of 13?
False
Let z be (-2)/8 + 41/4. Suppose -3*f + z = -f. Is 5 a factor of f?
True
Let g(j) = -4*j**2 + 12*j**2 + 3*j - 4*j. Is 7 a factor of g(1)?
True
Suppose -c = a - 1 - 4, -2*c + 2*a - 2 = 0. Let x(s) = -c*s - 11*s**2 - 5 - s**3 + 0*s**3 - 11*s. Does 10 divide x(-10)?
False
Does 3 divide (-14)/49 - 65/(-7)?
True
Suppose -3*p + 8*p = 245. Is 17 a factor of p?
False
Let k(y) be the first derivative of -1/2*y**2 - 2*y - 1. Is k(-6) a multiple of 4?
True
Suppose 3*p + 30 = 6*p. Let j(v) = v**3 + 9*v**2 + 11*v + 10. Let m(f) = -3*f**3 - 18*f**2 - 21*f - 20. Let i(q) = 5*j(q) + 2*m(q). Does 12 divide i(p)?
False
Suppose 0 = -t + 54 + 52. Let s be t + -1 + 2 + 0. Suppose 3*l - s = -14. Is 14 a factor of l?
False
Let f(c) = -2*c - 3. Let h be f(-4). Suppose 5*y - 4*p - 11 = 17, 26 = 4*y - h*p. Suppose -1 = -2*l + 7*l - 4*v, 4*l - 2*v = y. Does 2 divide l?
False
Let i = -11 + 5. Let s be ((-2)/i)/((-4)/(-60)). Suppose -s*w + 72 = 17. Does 5 divide w?
False
Let m(v) = -v**3 - 9*v**2 - 2*v + 10. Let f = 3 + -2. Let x be f - 1 - 7 - 2. Is 16 a factor of m(x)?
False
Let o = -10 + 15. Let x(b) = -b - 3. Let i(r) = r + 2. Let m(d) = 4*i(d) + 3*x(d). Is m(o) a multiple of 4?
True
Let x = -39 - -103. Let v = x - 1. Suppose -20 = -g + q, -5*q - v = -3*g - 3*q. Is g a multiple of 8?
False
Let c be -4 - -4 - 3*-1. Suppose 0 = 2*g - 3*n - 17, g - 30 = -c*g + 2*n. Does 7 divide g?
True
Does 3 divide (2 - -24)*8/16?
False
Let h(w) = -w + 1. Let v be h(1). Suppose 3*j + 0*m - 8 = -m, 4*j - 4*m - 32 = v. Suppose -j*q + 2*t + 25 - 9 = 0, t = 4*q - 20. Is q a multiple of 5?
False
Let n(p) = -11*p - 1. Let z be n(3). Let x = z + 47. Does 5 divide x?
False
Is (-13 + 4)*12/(-9) a multiple of 4?
True
Let i be (97 - 1)/3 + 0. Suppose 0*b = -b + i. Is 16 a factor of b?
True
Is 21 a factor of 63/(5/((-10)/(-3)))?
True
Let x(d) = d**3 + 2*d**2 - 5*d + 7. Let o(a) = a**3 + a**2 - 4*a + 6. Let z be 1/(-4) + 57/(-12). Let y(g) = z*x(g) + 6*o(g). Is y(4) a multiple of 4?
False
Let z be 1*((-4)/(-2) - 1). Let u(n) 